{"id":18,"date":"2014-08-26T20:01:17","date_gmt":"2014-08-26T20:01:17","guid":{"rendered":"http:\/\/urselnendzig.at\/blog\/?page_id=18"},"modified":"2019-09-06T09:48:22","modified_gmt":"2019-09-06T09:48:22","slug":"geheim","status":"publish","type":"page","link":"http:\/\/urselnendzig.at\/?page_id=18","title":{"rendered":"Geheim!"},"content":{"rendered":"<p style=\"text-align: center;\"><a href=\"http:\/\/urselnendzig.at\/blog\/wp-content\/uploads\/ursi.jpg\"><img loading=\"lazy\" decoding=\"async\" class=\"size-medium wp-image-14 aligncenter\" src=\"http:\/\/urselnendzig.at\/blog\/wp-content\/uploads\/ursi-300x200.jpg\" alt=\"ursi\" width=\"300\" height=\"200\" srcset=\"http:\/\/urselnendzig.at\/blog\/wp-content\/uploads\/ursi-300x200.jpg 300w, http:\/\/urselnendzig.at\/blog\/wp-content\/uploads\/ursi.jpg 400w\" sizes=\"auto, (max-width: 300px) 100vw, 300px\" \/><\/a>*<\/p>\n<p>Ursel Nendzig, 1980 am Fu\u00dfe der Schw\u00e4bischen Alb (Baden W\u00fcrttemberg, Deutschland) geboren. Bald Umzug in den Wienerwald. Studium in Wien. Danach Ausbildung an der <a title=\"Zeitenspiegel Reportageschule G\u00fcnter Dahl\" href=\"http:\/\/www.reportageschule.de\/\" target=\"_blank\">Zeitenspiegel Reportageschule G\u00fcnter Dahl<\/a>. Interessanter- und zuf\u00e4lligerweise wieder am Fu\u00dfe der Schw\u00e4bischen Alb. Redakteurin beim <a title=\"Universum Magazin\" href=\"http:\/\/www.universum.co.at\" target=\"_blank\">Universum Magazin<\/a> in Wien. Seit 2010 freie Autorin. (Und leidenschaftliche Sammlerin fremder Einkaufszettel.)<\/p>\n<p>*Ursel Nendzig lauscht mit Imker Georg dem Summen seiner Bienen bei der Recherche zu <strong>Summ ergo Sum<\/strong>. pdf: <a href=\"http:\/\/urselnendzig.at\/blog\/wp-content\/uploads\/biene.pdf\">biene<\/a><\/p>\n<h4><\/h4>\n<p>&nbsp;<\/p>\n<p>IMPRESSUM<\/p>\n<p>Informationspflicht laut \u00a75 E-Commerce Gesetz, \u00a714 Unternehmensgesetzbuch, \u00a763 Gewerbeordnung und Offenlegungspflicht laut \u00a725 Mediengesetz.<\/p>\n<p>Mag. Ursel Nendzig<br \/>\nStieglergasse 20<br \/>\n1230 Wien<br \/>\n\u00d6sterreich<\/p>\n<p>Tel.: +43 699 10 33 55 10<br \/>\nE-Mail: <a href=\"mailto:mail@urselnendzig.at\">mail@urselnendzig.at<\/a><\/p>\n<p>&nbsp;<\/p>\n","protected":false},"excerpt":{"rendered":"<p>* Ursel Nendzig, 1980 am Fu\u00dfe der Schw\u00e4bischen Alb (Baden W\u00fcrttemberg, Deutschland) geboren. Bald Umzug in den Wienerwald. Studium in Wien. Danach Ausbildung an der Zeitenspiegel Reportageschule G\u00fcnter Dahl. Interessanter- und zuf\u00e4lligerweise wieder am Fu\u00dfe der Schw\u00e4bischen Alb. Redakteurin beim Universum Magazin in Wien. Seit 2010 freie Autorin. (Und leidenschaftliche Sammlerin fremder Einkaufszettel.) *Ursel Nendzig [&hellip;]<\/p>\n","protected":false},"author":1,"featured_media":0,"parent":0,"menu_order":0,"comment_status":"closed","ping_status":"closed","template":"","meta":{"footnotes":""},"class_list":["post-18","page","type-page","status-publish","hentry"],"_links":{"self":[{"href":"http:\/\/urselnendzig.at\/index.php?rest_route=\/wp\/v2\/pages\/18","targetHints":{"allow":["GET"]}}],"collection":[{"href":"http:\/\/urselnendzig.at\/index.php?rest_route=\/wp\/v2\/pages"}],"about":[{"href":"http:\/\/urselnendzig.at\/index.php?rest_route=\/wp\/v2\/types\/page"}],"author":[{"embeddable":true,"href":"http:\/\/urselnendzig.at\/index.php?rest_route=\/wp\/v2\/users\/1"}],"replies":[{"embeddable":true,"href":"http:\/\/urselnendzig.at\/index.php?rest_route=%2Fwp%2Fv2%2Fcomments&post=18"}],"version-history":[{"count":9,"href":"http:\/\/urselnendzig.at\/index.php?rest_route=\/wp\/v2\/pages\/18\/revisions"}],"predecessor-version":[{"id":349,"href":"http:\/\/urselnendzig.at\/index.php?rest_route=\/wp\/v2\/pages\/18\/revisions\/349"}],"wp:attachment":[{"href":"http:\/\/urselnendzig.at\/index.php?rest_route=%2Fwp%2Fv2%2Fmedia&parent=18"}],"curies":[{"name":"wp","href":"https:\/\/api.w.org\/{rel}","templated":true}]}}

<p style="text-align: center;"><a href="http://urselnendzig.at/blog/wp-content/uploads/ursi.jpg"><img loading="lazy" decoding="async" class="size-medium wp-image-14 aligncenter" src="http://urselnendzig.at/blog/wp-content/uploads/ursi-300x200.jpg" alt="ursi" width="300" height="200" srcset="http://urselnendzig.at/blog/wp-content/uploads/ursi-300x200.jpg 300w, http://urselnendzig.at/blog/wp-content/uploads/ursi.jpg 400w" sizes="auto, (max-width: 300px) 100vw, 300px" /></a>*</p>
<p>Ursel Nendzig, 1980 am Fuße der Schwäbischen Alb (Baden Württemberg, Deutschland) geboren. Bald Umzug in den Wienerwald. Studium in Wien. Danach Ausbildung an der <a title="Zeitenspiegel Reportageschule Günter Dahl" href="http://www.reportageschule.de/" target="_blank">Zeitenspiegel Reportageschule Günter Dahl</a>. Interessanter- und zufälligerweise wieder am Fuße der Schwäbischen Alb. Redakteurin beim <a title="Universum Magazin" href="http://www.universum.co.at" target="_blank">Universum Magazin</a> in Wien. Seit 2010 freie Autorin. (Und leidenschaftliche Sammlerin fremder Einkaufszettel.)</p>
<p>*Ursel Nendzig lauscht mit Imker Georg dem Summen seiner Bienen bei der Recherche zu <strong>Summ ergo Sum</strong>. pdf: <a href="http://urselnendzig.at/blog/wp-content/uploads/biene.pdf">biene</a></p>
<h4></h4>
<p>&nbsp;</p>
<p>IMPRESSUM</p>
<p>Informationspflicht laut §5 E-Commerce Gesetz, §14 Unternehmensgesetzbuch, §63 Gewerbeordnung und Offenlegungspflicht laut §25 Mediengesetz.</p>
<p>Mag. Ursel Nendzig<br />
Stieglergasse 20<br />
1230 Wien<br />
Österreich</p>
<p>Tel.: +43 699 10 33 55 10<br />
E-Mail: <a href="mailto:mail@urselnendzig.at">mail@urselnendzig.at</a></p>
<p>&nbsp;</p>

<p>* Ursel Nendzig, 1980 am Fuße der Schwäbischen Alb (Baden Württemberg, Deutschland) geboren. Bald Umzug in den Wienerwald. Studium in Wien. Danach Ausbildung an der Zeitenspiegel Reportageschule Günter Dahl. Interessanter- und zufälligerweise wieder am Fuße der Schwäbischen Alb. Redakteurin beim Universum Magazin in Wien. Seit 2010 freie Autorin. (Und leidenschaftliche Sammlerin fremder Einkaufszettel.) *Ursel Nendzig [&hellip;]</p>
