{"id":2,"date":"2014-08-26T13:39:58","date_gmt":"2014-08-26T13:39:58","guid":{"rendered":"http:\/\/urselnendzig.at\/blog\/?page_id=2"},"modified":"2025-11-26T15:39:59","modified_gmt":"2025-11-26T15:39:59","slug":"sample-page","status":"publish","type":"page","link":"http:\/\/urselnendzig.at\/?page_id=2","title":{"rendered":"Gedruckt."},"content":{"rendered":"\n<figure class=\"wp-block-image size-full\"><a href=\"http:\/\/urselnendzig.at\/blog\/wp-content\/uploads\/buch2i.jpg\"><img loading=\"lazy\" decoding=\"async\" width=\"724\" height=\"483\" src=\"http:\/\/urselnendzig.at\/blog\/wp-content\/uploads\/buch2i.jpg\" alt=\"\" class=\"wp-image-12485\" srcset=\"http:\/\/urselnendzig.at\/blog\/wp-content\/uploads\/buch2i.jpg 724w, http:\/\/urselnendzig.at\/blog\/wp-content\/uploads\/buch2i-300x200.jpg 300w\" sizes=\"auto, (max-width: 724px) 100vw, 724px\" \/><\/a><\/figure>\n\n\n\n<p><strong>Geht\u00b4s noch? Betrachtungen eines \u00dcberforderten.<\/strong> Simon Schwarz und Ursel Nendzig \u00fcber Aktivkmus, Kantwurst und Superkr\u00e4fte. (<a href=\"https:\/\/www.ueberreuter.at\/shop\/gehts-noch-betrachtungen-eines-ueberforderten\/?srsltid=AfmBOoq1DagVvrIjwVrtWQEu9cymsB2vcSdnGkCMeERFcGElfTvpVDYo\" target=\"_blank\" rel=\"noreferrer noopener\">Ueberreuter Verlag<\/a>, 2025)<\/p>\n\n\n\n<figure class=\"wp-block-image size-full\"><a href=\"http:\/\/urselnendzig.at\/blog\/wp-content\/uploads\/DSC7574i.jpg\"><img loading=\"lazy\" decoding=\"async\" width=\"724\" height=\"483\" src=\"http:\/\/urselnendzig.at\/blog\/wp-content\/uploads\/DSC7574i.jpg\" alt=\"\" class=\"wp-image-12462\" srcset=\"http:\/\/urselnendzig.at\/blog\/wp-content\/uploads\/DSC7574i.jpg 724w, http:\/\/urselnendzig.at\/blog\/wp-content\/uploads\/DSC7574i-300x200.jpg 300w\" sizes=\"auto, (max-width: 724px) 100vw, 724px\" \/><\/a><\/figure>\n\n\n\n<p><strong>Wie Wildkr\u00e4uter wirken. Wie wir die Heilkraft der Pflanzen nutzen k\u00f6nnen und was die Wissenschaft dazu wei\u00df<\/strong>. Ren\u00e9e Schroeder \u00f6ffnet die T\u00fcren zu ihrer Welt der wilden Kr\u00e4uter, mit Texten von Ursel Nendzig. (<a href=\"https:\/\/www.styriabooks.at\/shop\/gesundheit-wohlfuehlen\/wie-wildkraeuter-wirken\/?srsltid=AfmBOorIhtoAafgeCFgLae2gznObZjxAb--1ok280KZbzyI06BxKVzs6\" target=\"_blank\" rel=\"noreferrer noopener\">Kneipp Verlag<\/a>, 2025)<\/p>\n\n\n\n<figure class=\"wp-block-image size-full\"><a href=\"http:\/\/urselnendzig.at\/blog\/wp-content\/uploads\/DSC5982_i.jpg\"><img loading=\"lazy\" decoding=\"async\" width=\"724\" height=\"483\" src=\"http:\/\/urselnendzig.at\/blog\/wp-content\/uploads\/DSC5982_i.jpg\" alt=\"\" class=\"wp-image-574\" srcset=\"http:\/\/urselnendzig.at\/blog\/wp-content\/uploads\/DSC5982_i.jpg 724w, http:\/\/urselnendzig.at\/blog\/wp-content\/uploads\/DSC5982_i-300x200.jpg 300w\" sizes=\"auto, (max-width: 724px) 100vw, 724px\" \/><\/a><\/figure>\n\n\n\n<p><strong>Ich simuliere<\/strong> <strong>nur &#8211; von mathematischen Modellen, virtuellen Muttermalen und dem Versuch, die Welt zu verstehen. <\/strong>Niki Popper, aufgezeichnet von Ursel Nendzig (<a href=\"https:\/\/amalthea.at\/produkt\/ich-simuliere-nur\/\" target=\"_blank\" rel=\"noreferrer noopener\">Amalthea Verlag<\/a>, 2022)<\/p>\n\n\n\n<figure class=\"wp-block-image size-large\"><a href=\"http:\/\/urselnendzig.at\/blog\/wp-content\/uploads\/IMG_7372-e1569227125355.jpg\"><img loading=\"lazy\" decoding=\"async\" width=\"768\" height=\"1024\" src=\"http:\/\/urselnendzig.at\/blog\/wp-content\/uploads\/IMG_7372-e1569227125355-768x1024.jpg\" alt=\"\" class=\"wp-image-421\" srcset=\"http:\/\/urselnendzig.at\/blog\/wp-content\/uploads\/IMG_7372-e1569227125355-768x1024.jpg 768w, http:\/\/urselnendzig.at\/blog\/wp-content\/uploads\/IMG_7372-e1569227125355-225x300.jpg 225w, http:\/\/urselnendzig.at\/blog\/wp-content\/uploads\/IMG_7372-e1569227125355-749x999.jpg 749w, http:\/\/urselnendzig.at\/blog\/wp-content\/uploads\/IMG_7372-e1569227125355.jpg 1512w\" sizes=\"auto, (max-width: 768px) 100vw, 768px\" \/><\/a><\/figure>\n\n\n\n<p><strong>Ren\u00e9e Schroeder &#8211; Alle Molek\u00fcle immer in Bewegung<\/strong>. Ursel Nendzig \u00fcber das Leben einer au\u00dfergew\u00f6hnlichen Wissenschaftlerin (<a href=\"https:\/\/www.residenzverlag.com\/buch\/renee-schroeder?_translation=de\" target=\"_blank\" rel=\"noopener\">Residenz Verlag<\/a>, 2019)<\/p>\n\n\n\n<p><strong>Die Erfindung des Menschen<\/strong> &#8211; Wie wir die Evolution \u00fcberlisten. Ren\u00e9e Schroeder und Ursel Nendzig dar\u00fcber, was der Mensch eigentlich will (<a title=\"Residenz Verlag\" href=\"http:\/\/www.residenzverlag.at\/?m=30&amp;o=2&amp;id_title=1842\" target=\"_blank\" rel=\"noopener\">Residenz Verlag<\/a>, 2016, <a href=\"http:\/\/www.wissenschaftsbuch.at\/\" target=\"_blank\" rel=\"noopener\">Wissenschaftsbuch des Jahres<\/a> 2017)<\/p>\n\n\n\n<figure class=\"wp-block-image size-full\"><a href=\"http:\/\/urselnendzig.at\/blog\/wp-content\/uploads\/foto2.jpg\"><img loading=\"lazy\" decoding=\"async\" width=\"408\" height=\"272\" src=\"http:\/\/urselnendzig.at\/blog\/wp-content\/uploads\/foto2.jpg\" alt=\"\" class=\"wp-image-10\" srcset=\"http:\/\/urselnendzig.at\/blog\/wp-content\/uploads\/foto2.jpg 408w, http:\/\/urselnendzig.at\/blog\/wp-content\/uploads\/foto2-300x200.jpg 300w\" sizes=\"auto, (max-width: 408px) 100vw, 408px\" \/><\/a><\/figure>\n\n\n\n<p><strong>Von Menschen, Zellen und Waschmaschinen <\/strong>&#8211; Anstiftung zur Rettung der Welt. Ren\u00e9e Schroeder und Ursel Nendzig \u00fcber Wachstum (<a title=\"Residenz Verlag\" href=\"http:\/\/www.residenzverlag.at\/?m=30&amp;o=2&amp;search_titles=von+menschen%2C+zellen+und+&amp;id_title=1691\" target=\"_blank\" rel=\"noopener\">Residenz Verlag<\/a>, 2014)<\/p>\n\n\n\n<p><strong>Die Henne und das Ei<\/strong> &#8211; Ren\u00e9e Schroeder und Ursel Nendzig \u00fcber den Ursprung des Lebens (<a title=\"Residenz Verlag\" href=\"http:\/\/www.residenzverlag.at\/?m=30&amp;o=2&amp;search_titles=die+henne+und+das+ei&amp;id_title=1449\" target=\"_blank\" rel=\"noopener\">Residenz Verlag<\/a>, 2011, Wissenschaftsbuch des Jahres 2012)<\/p>\n\n\n\n<p><\/p>\n","protected":false},"excerpt":{"rendered":"<p>Geht\u00b4s noch? Betrachtungen eines \u00dcberforderten. Simon Schwarz und Ursel Nendzig \u00fcber Aktivkmus, Kantwurst und Superkr\u00e4fte. (Ueberreuter Verlag, 2025) Wie Wildkr\u00e4uter wirken. Wie wir die Heilkraft der Pflanzen nutzen k\u00f6nnen und was die Wissenschaft dazu wei\u00df. Ren\u00e9e Schroeder \u00f6ffnet die T\u00fcren zu ihrer Welt der wilden Kr\u00e4uter, mit Texten von Ursel Nendzig. (Kneipp Verlag, 2025) Ich [&hellip;]<\/p>\n","protected":false},"author":1,"featured_media":0,"parent":0,"menu_order":0,"comment_status":"closed","ping_status":"closed","template":"","meta":{"footnotes":""},"class_list":["post-2","page","type-page","status-publish","hentry"],"_links":{"self":[{"href":"http:\/\/urselnendzig.at\/index.php?rest_route=\/wp\/v2\/pages\/2","targetHints":{"allow":["GET"]}}],"collection":[{"href":"http:\/\/urselnendzig.at\/index.php?rest_route=\/wp\/v2\/pages"}],"about":[{"href":"http:\/\/urselnendzig.at\/index.php?rest_route=\/wp\/v2\/types\/page"}],"author":[{"embeddable":true,"href":"http:\/\/urselnendzig.at\/index.php?rest_route=\/wp\/v2\/users\/1"}],"replies":[{"embeddable":true,"href":"http:\/\/urselnendzig.at\/index.php?rest_route=%2Fwp%2Fv2%2Fcomments&post=2"}],"version-history":[{"count":22,"href":"http:\/\/urselnendzig.at\/index.php?rest_route=\/wp\/v2\/pages\/2\/revisions"}],"predecessor-version":[{"id":12516,"href":"http:\/\/urselnendzig.at\/index.php?rest_route=\/wp\/v2\/pages\/2\/revisions\/12516"}],"wp:attachment":[{"href":"http:\/\/urselnendzig.at\/index.php?rest_route=%2Fwp%2Fv2%2Fmedia&parent=2"}],"curies":[{"name":"wp","href":"https:\/\/api.w.org\/{rel}","templated":true}]}}

<figure class="wp-block-image size-full"><a href="http://urselnendzig.at/blog/wp-content/uploads/buch2i.jpg"><img loading="lazy" decoding="async" width="724" height="483" src="http://urselnendzig.at/blog/wp-content/uploads/buch2i.jpg" alt="" class="wp-image-12485" srcset="http://urselnendzig.at/blog/wp-content/uploads/buch2i.jpg 724w, http://urselnendzig.at/blog/wp-content/uploads/buch2i-300x200.jpg 300w" sizes="auto, (max-width: 724px) 100vw, 724px" /></a></figure>



<p><strong>Geht´s noch? Betrachtungen eines Überforderten.</strong> Simon Schwarz und Ursel Nendzig über Aktivkmus, Kantwurst und Superkräfte. (<a href="https://www.ueberreuter.at/shop/gehts-noch-betrachtungen-eines-ueberforderten/?srsltid=AfmBOoq1DagVvrIjwVrtWQEu9cymsB2vcSdnGkCMeERFcGElfTvpVDYo" target="_blank" rel="noreferrer noopener">Ueberreuter Verlag</a>, 2025)</p>



<figure class="wp-block-image size-full"><a href="http://urselnendzig.at/blog/wp-content/uploads/DSC7574i.jpg"><img loading="lazy" decoding="async" width="724" height="483" src="http://urselnendzig.at/blog/wp-content/uploads/DSC7574i.jpg" alt="" class="wp-image-12462" srcset="http://urselnendzig.at/blog/wp-content/uploads/DSC7574i.jpg 724w, http://urselnendzig.at/blog/wp-content/uploads/DSC7574i-300x200.jpg 300w" sizes="auto, (max-width: 724px) 100vw, 724px" /></a></figure>



<p><strong>Wie Wildkräuter wirken. Wie wir die Heilkraft der Pflanzen nutzen können und was die Wissenschaft dazu weiß</strong>. Renée Schroeder öffnet die Türen zu ihrer Welt der wilden Kräuter, mit Texten von Ursel Nendzig. (<a href="https://www.styriabooks.at/shop/gesundheit-wohlfuehlen/wie-wildkraeuter-wirken/?srsltid=AfmBOorIhtoAafgeCFgLae2gznObZjxAb--1ok280KZbzyI06BxKVzs6" target="_blank" rel="noreferrer noopener">Kneipp Verlag</a>, 2025)</p>



<figure class="wp-block-image size-full"><a href="http://urselnendzig.at/blog/wp-content/uploads/DSC5982_i.jpg"><img loading="lazy" decoding="async" width="724" height="483" src="http://urselnendzig.at/blog/wp-content/uploads/DSC5982_i.jpg" alt="" class="wp-image-574" srcset="http://urselnendzig.at/blog/wp-content/uploads/DSC5982_i.jpg 724w, http://urselnendzig.at/blog/wp-content/uploads/DSC5982_i-300x200.jpg 300w" sizes="auto, (max-width: 724px) 100vw, 724px" /></a></figure>



<p><strong>Ich simuliere</strong> <strong>nur &#8211; von mathematischen Modellen, virtuellen Muttermalen und dem Versuch, die Welt zu verstehen. </strong>Niki Popper, aufgezeichnet von Ursel Nendzig (<a href="https://amalthea.at/produkt/ich-simuliere-nur/" target="_blank" rel="noreferrer noopener">Amalthea Verlag</a>, 2022)</p>



<figure class="wp-block-image size-large"><a href="http://urselnendzig.at/blog/wp-content/uploads/IMG_7372-e1569227125355.jpg"><img loading="lazy" decoding="async" width="768" height="1024" src="http://urselnendzig.at/blog/wp-content/uploads/IMG_7372-e1569227125355-768x1024.jpg" alt="" class="wp-image-421" srcset="http://urselnendzig.at/blog/wp-content/uploads/IMG_7372-e1569227125355-768x1024.jpg 768w, http://urselnendzig.at/blog/wp-content/uploads/IMG_7372-e1569227125355-225x300.jpg 225w, http://urselnendzig.at/blog/wp-content/uploads/IMG_7372-e1569227125355-749x999.jpg 749w, http://urselnendzig.at/blog/wp-content/uploads/IMG_7372-e1569227125355.jpg 1512w" sizes="auto, (max-width: 768px) 100vw, 768px" /></a></figure>



<p><strong>Renée Schroeder &#8211; Alle Moleküle immer in Bewegung</strong>. Ursel Nendzig über das Leben einer außergewöhnlichen Wissenschaftlerin (<a href="https://www.residenzverlag.com/buch/renee-schroeder?_translation=de" target="_blank" rel="noopener">Residenz Verlag</a>, 2019)</p>



<p><strong>Die Erfindung des Menschen</strong> &#8211; Wie wir die Evolution überlisten. Renée Schroeder und Ursel Nendzig darüber, was der Mensch eigentlich will (<a title="Residenz Verlag" href="http://www.residenzverlag.at/?m=30&amp;o=2&amp;id_title=1842" target="_blank" rel="noopener">Residenz Verlag</a>, 2016, <a href="http://www.wissenschaftsbuch.at/" target="_blank" rel="noopener">Wissenschaftsbuch des Jahres</a> 2017)</p>



<figure class="wp-block-image size-full"><a href="http://urselnendzig.at/blog/wp-content/uploads/foto2.jpg"><img loading="lazy" decoding="async" width="408" height="272" src="http://urselnendzig.at/blog/wp-content/uploads/foto2.jpg" alt="" class="wp-image-10" srcset="http://urselnendzig.at/blog/wp-content/uploads/foto2.jpg 408w, http://urselnendzig.at/blog/wp-content/uploads/foto2-300x200.jpg 300w" sizes="auto, (max-width: 408px) 100vw, 408px" /></a></figure>



<p><strong>Von Menschen, Zellen und Waschmaschinen </strong>&#8211; Anstiftung zur Rettung der Welt. Renée Schroeder und Ursel Nendzig über Wachstum (<a title="Residenz Verlag" href="http://www.residenzverlag.at/?m=30&amp;o=2&amp;search_titles=von+menschen%2C+zellen+und+&amp;id_title=1691" target="_blank" rel="noopener">Residenz Verlag</a>, 2014)</p>



<p><strong>Die Henne und das Ei</strong> &#8211; Renée Schroeder und Ursel Nendzig über den Ursprung des Lebens (<a title="Residenz Verlag" href="http://www.residenzverlag.at/?m=30&amp;o=2&amp;search_titles=die+henne+und+das+ei&amp;id_title=1449" target="_blank" rel="noopener">Residenz Verlag</a>, 2011, Wissenschaftsbuch des Jahres 2012)</p>



<p></p>

<p>Geht´s noch? Betrachtungen eines Überforderten. Simon Schwarz und Ursel Nendzig über Aktivkmus, Kantwurst und Superkräfte. (Ueberreuter Verlag, 2025) Wie Wildkräuter wirken. Wie wir die Heilkraft der Pflanzen nutzen können und was die Wissenschaft dazu weiß. Renée Schroeder öffnet die Türen zu ihrer Welt der wilden Kräuter, mit Texten von Ursel Nendzig. (Kneipp Verlag, 2025) Ich [&hellip;]</p>
