{"id":46,"date":"2014-08-27T19:40:34","date_gmt":"2014-08-27T19:40:34","guid":{"rendered":"http:\/\/urselnendzig.at\/blog\/?page_id=46"},"modified":"2019-09-06T09:49:39","modified_gmt":"2019-09-06T09:49:39","slug":"gemailt","status":"publish","type":"page","link":"http:\/\/urselnendzig.at\/?page_id=46","title":{"rendered":"Gesch\u00fctzt:"},"content":{"rendered":"<p><a href=\"http:\/\/urselnendzig.at\/blog\/wp-content\/uploads\/sleep1_klein.jpg\"><img loading=\"lazy\" decoding=\"async\" class=\"size-medium wp-image-47 aligncenter\" src=\"http:\/\/urselnendzig.at\/blog\/wp-content\/uploads\/sleep1_klein-300x300.jpg\" alt=\"sleep1_klein\" width=\"300\" height=\"300\" srcset=\"http:\/\/urselnendzig.at\/blog\/wp-content\/uploads\/sleep1_klein-300x300.jpg 300w, http:\/\/urselnendzig.at\/blog\/wp-content\/uploads\/sleep1_klein-150x150.jpg 150w, http:\/\/urselnendzig.at\/blog\/wp-content\/uploads\/sleep1_klein-1024x1024.jpg 1024w, http:\/\/urselnendzig.at\/blog\/wp-content\/uploads\/sleep1_klein-770x770.jpg 770w, http:\/\/urselnendzig.at\/blog\/wp-content\/uploads\/sleep1_klein.jpg 1181w\" sizes=\"auto, (max-width: 300px) 100vw, 300px\" \/><\/a><\/p>\n<p>&nbsp;<\/p>\n<p>DATENSCHUTZERKL\u00c4RUNG<\/p>\n<p>Der Schutz Ihrer pers\u00f6nlichen Daten ist mir ein besonderes Anliegen. Ich verarbeite Ihre Daten daher ausschlie\u00dflich auf Grundlage der gesetzlichen Bestimmungen (DSGVO, TKG 2003). In diesen Datenschutzinformationen informiere ich Sie \u00fcber die wichtigsten Aspekte der Datenverarbeitung im Rahmen dieser Website.<\/p>\n<p>KONTAKT MIT MIR<br \/>\nWenn Sie per E-Mail Kontakt mit mir aufnehmen (mail@urselnendzig.at), werden Ihre angegebenen Daten zwecks Bearbeitung der Anfrage und f\u00fcr den Fall von Anschlussfragen sechs Monate bei mir gespeichert. Diese Daten gebe ich nicht ohne Ihre Einwilligung weiter.<\/p>\n<p>COOKIES<br \/>\nDiese Website verwendet so genannte Cookies. Dabei handelt es sich um kleine Textdateien, die mit Hilfe des Browsers auf Ihrem Endger\u00e4t abgelegt werden. Sie richten keinen Schaden an.<br \/>\nIch nutze Cookies dazu, mein Angebot nutzerfreundlich zu gestalten. Einige Cookies bleiben auf Ihrem Endger\u00e4t gespeichert, bis Sie diese l\u00f6schen. Sie erm\u00f6glichen es, Ihren Browser beim n\u00e4chsten Besuch wiederzuerkennen.<br \/>\nWenn Sie dies nicht w\u00fcnschen, so k\u00f6nnen Sie Ihren Browser so einrichten, dass er Sie \u00fcber das Setzen von Cookies informiert und Sie dies nur im Einzelfall erlauben.<br \/>\nBei der Deaktivierung von Cookies kann die Funktionalit\u00e4t dieser Website eingeschr\u00e4nkt sein.<\/p>\n<p>IHRE RECHTE<br \/>\nIhnen stehen bez\u00fcglich Ihrer bei mir gespeicherten Daten\u00a0grunds\u00e4tzlich die Rechte auf Auskunft, Berichtigung, L\u00f6schung, Einschr\u00e4nkung, Daten\u00fcbertragbarkeit, Widerruf und Widerspruch zu. Wenn Sie glauben, dass die Verarbeitung Ihrer Daten gegen das Datenschutzrecht verst\u00f6\u00dft oder Ihre datenschutzrechtlichen Anspr\u00fcche sonst in einer Weise verletzt worden sind, k\u00f6nnen Sie sich bei mir per Mail (mail@urselnendzig.at) oder der Datenschutzbeh\u00f6rde beschweren.<\/p>\n<p>SO ERREICHEN SIE MICH:<br \/>\nMag. Ursel Nendzig<br \/>\nStieglergasse 20<br \/>\n1230 Wien<br \/>\nTel.: +43 699 10 33 55 10<br \/>\nE-Mail: <a href=\"mailto:mail@urselnendzig.at\">mail@urselnendzig.at<\/a><\/p>\n<p>&nbsp;<\/p>\n<p>&nbsp;<\/p>\n","protected":false},"excerpt":{"rendered":"<p>&nbsp; DATENSCHUTZERKL\u00c4RUNG Der Schutz Ihrer pers\u00f6nlichen Daten ist mir ein besonderes Anliegen. Ich verarbeite Ihre Daten daher ausschlie\u00dflich auf Grundlage der gesetzlichen Bestimmungen (DSGVO, TKG 2003). In diesen Datenschutzinformationen informiere ich Sie \u00fcber die wichtigsten Aspekte der Datenverarbeitung im Rahmen dieser Website. KONTAKT MIT MIR Wenn Sie per E-Mail Kontakt mit mir aufnehmen (mail@urselnendzig.at), werden [&hellip;]<\/p>\n","protected":false},"author":1,"featured_media":0,"parent":0,"menu_order":0,"comment_status":"closed","ping_status":"closed","template":"","meta":{"footnotes":""},"class_list":["post-46","page","type-page","status-publish","hentry"],"_links":{"self":[{"href":"http:\/\/urselnendzig.at\/index.php?rest_route=\/wp\/v2\/pages\/46","targetHints":{"allow":["GET"]}}],"collection":[{"href":"http:\/\/urselnendzig.at\/index.php?rest_route=\/wp\/v2\/pages"}],"about":[{"href":"http:\/\/urselnendzig.at\/index.php?rest_route=\/wp\/v2\/types\/page"}],"author":[{"embeddable":true,"href":"http:\/\/urselnendzig.at\/index.php?rest_route=\/wp\/v2\/users\/1"}],"replies":[{"embeddable":true,"href":"http:\/\/urselnendzig.at\/index.php?rest_route=%2Fwp%2Fv2%2Fcomments&post=46"}],"version-history":[{"count":10,"href":"http:\/\/urselnendzig.at\/index.php?rest_route=\/wp\/v2\/pages\/46\/revisions"}],"predecessor-version":[{"id":345,"href":"http:\/\/urselnendzig.at\/index.php?rest_route=\/wp\/v2\/pages\/46\/revisions\/345"}],"wp:attachment":[{"href":"http:\/\/urselnendzig.at\/index.php?rest_route=%2Fwp%2Fv2%2Fmedia&parent=46"}],"curies":[{"name":"wp","href":"https:\/\/api.w.org\/{rel}","templated":true}]}}

Geschützt:

<p><a href="http://urselnendzig.at/blog/wp-content/uploads/sleep1_klein.jpg"><img loading="lazy" decoding="async" class="size-medium wp-image-47 aligncenter" src="http://urselnendzig.at/blog/wp-content/uploads/sleep1_klein-300x300.jpg" alt="sleep1_klein" width="300" height="300" srcset="http://urselnendzig.at/blog/wp-content/uploads/sleep1_klein-300x300.jpg 300w, http://urselnendzig.at/blog/wp-content/uploads/sleep1_klein-150x150.jpg 150w, http://urselnendzig.at/blog/wp-content/uploads/sleep1_klein-1024x1024.jpg 1024w, http://urselnendzig.at/blog/wp-content/uploads/sleep1_klein-770x770.jpg 770w, http://urselnendzig.at/blog/wp-content/uploads/sleep1_klein.jpg 1181w" sizes="auto, (max-width: 300px) 100vw, 300px" /></a></p>
<p>&nbsp;</p>
<p>DATENSCHUTZERKLÄRUNG</p>
<p>Der Schutz Ihrer persönlichen Daten ist mir ein besonderes Anliegen. Ich verarbeite Ihre Daten daher ausschließlich auf Grundlage der gesetzlichen Bestimmungen (DSGVO, TKG 2003). In diesen Datenschutzinformationen informiere ich Sie über die wichtigsten Aspekte der Datenverarbeitung im Rahmen dieser Website.</p>
<p>KONTAKT MIT MIR<br />
Wenn Sie per E-Mail Kontakt mit mir aufnehmen (mail@urselnendzig.at), werden Ihre angegebenen Daten zwecks Bearbeitung der Anfrage und für den Fall von Anschlussfragen sechs Monate bei mir gespeichert. Diese Daten gebe ich nicht ohne Ihre Einwilligung weiter.</p>
<p>COOKIES<br />
Diese Website verwendet so genannte Cookies. Dabei handelt es sich um kleine Textdateien, die mit Hilfe des Browsers auf Ihrem Endgerät abgelegt werden. Sie richten keinen Schaden an.<br />
Ich nutze Cookies dazu, mein Angebot nutzerfreundlich zu gestalten. Einige Cookies bleiben auf Ihrem Endgerät gespeichert, bis Sie diese löschen. Sie ermöglichen es, Ihren Browser beim nächsten Besuch wiederzuerkennen.<br />
Wenn Sie dies nicht wünschen, so können Sie Ihren Browser so einrichten, dass er Sie über das Setzen von Cookies informiert und Sie dies nur im Einzelfall erlauben.<br />
Bei der Deaktivierung von Cookies kann die Funktionalität dieser Website eingeschränkt sein.</p>
<p>IHRE RECHTE<br />
Ihnen stehen bezüglich Ihrer bei mir gespeicherten Daten grundsätzlich die Rechte auf Auskunft, Berichtigung, Löschung, Einschränkung, Datenübertragbarkeit, Widerruf und Widerspruch zu. Wenn Sie glauben, dass die Verarbeitung Ihrer Daten gegen das Datenschutzrecht verstößt oder Ihre datenschutzrechtlichen Ansprüche sonst in einer Weise verletzt worden sind, können Sie sich bei mir per Mail (mail@urselnendzig.at) oder der Datenschutzbehörde beschweren.</p>
<p>SO ERREICHEN SIE MICH:<br />
Mag. Ursel Nendzig<br />
Stieglergasse 20<br />
1230 Wien<br />
Tel.: +43 699 10 33 55 10<br />
E-Mail: <a href="mailto:mail@urselnendzig.at">mail@urselnendzig.at</a></p>
<p>&nbsp;</p>
<p>&nbsp;</p>

<p>&nbsp; DATENSCHUTZERKLÄRUNG Der Schutz Ihrer persönlichen Daten ist mir ein besonderes Anliegen. Ich verarbeite Ihre Daten daher ausschließlich auf Grundlage der gesetzlichen Bestimmungen (DSGVO, TKG 2003). In diesen Datenschutzinformationen informiere ich Sie über die wichtigsten Aspekte der Datenverarbeitung im Rahmen dieser Website. KONTAKT MIT MIR Wenn Sie per E-Mail Kontakt mit mir aufnehmen (mail@urselnendzig.at), werden [&hellip;]</p>
